ate the remainder when 35 is divided by l.
9
What is the remainder when 22/8*(-11 + 19) is divided by 7?
1
Suppose 0 = 2*f - 3 + 1, q - 5*f = 0. Calculate the remainder when q is divided by 4.
1
Let z(x) = -x**2 + 13*x + 1. What is the remainder when z(10) is divided by 8?
7
Let c(p) = p - 2. Let d be c(-3). Let l = d + 11. Let y = -35 - -45. What is the remainder when y is divided by l?
4
Let u(b) = b**2 - 6*b + 2. Let l be u(6). Suppose -3*o + 60 = l*h, -60 = o - 4*o + 2*h. What is the remainder when ((-24)/(-20))/(6/o) is divided by 3?
1
Suppose 2*r + 2*o = 0, 0 = 3*r + 7*o - 2*o + 10. Suppose r*d = 3*t - 14, 0*t - t + 4 = -2*d. Let y = -23 + 37. Calculate the remainder when y is divided by t.
6
Suppose -i + 6 + 0 = 0. Calculate the remainder when 10 is divided by i.
4
Suppose y + 5*v - 4 = 0, 2*y - 3*y + 2*v = -4. Suppose y*d = -d + 35. What is the remainder when 19 is divided by d?
5
Suppose 15 = 2*z + 1. Suppose 5*j + 2*t - 88 = 0, 5*t = -z*j + 5*j + 52. Calculate the remainder when 45/1 - (-2 + 10)/(-4) is divided by j.
15
Let i = -24 + 12. Let c be 8/(-1)*(0 + 1). Let j = c - i. Calculate the remainder when j is divided by 3.
1
Let z(u) = u**3 - 13*u**2 + 2*u - 22. What is the remainder when 21 is divided by z(13)?
1
Let h = -37 + 40. What is the remainder when 20 is divided by h?
2
Let p = -2 + 3. Suppose -66*z + 68*z - 76 = 0. What is the remainder when z is divided by 1/1 + 12/p?
12
Suppose -2*c - 23 = -107. Let t = c + -22. What is the remainder when t is divided by 11?
9
Suppose -6*z + 4 = -8. Calculate the remainder when z is divided by ((-2)/6)/(2/(-12)).
0
Let o be (-215)/(-15) - 4/(-6). Let x = o + -5. Calculate the remainder when 38 is divided by x.
8
Let p = 220 + -116. Calculate the remainder when p is divided by 35.
34
Suppose -2*f + 78 = -0*f. What is the remainder when f is divided by 14?
11
Suppose -p - 36 = 3*p. Let n = 26 + p. Let z = 13 - 7. Calculate the remainder when n is divided by z.
5
Suppose -g - s - 16 = s, 3*s = -9. Let x be ((-6)/g)/((-3)/(-15)). Suppose 5*q - 19 = -x*v, 0 = -4*v - q + 34 - 3. What is the remainder when v is divided by 3?
2
Suppose -5*k + 0*l - l + 250 = 0, 0 = 4*k - 3*l - 200. Let a(i) = -8*i + 1. Let m = -3 + 1. Calculate the remainder when k is divided by a(m).
16
Suppose 6*a = 2*a + 16. Let p(i) = -i. Let s(f) = 2*f**2 - 5*f + 5. Let d(y) = 2*p(y) + s(y). Calculate the remainder when 17 is divided by d(a).
8
Suppose 5*y = -0*y. Suppose y = r + 3, 2*z - 5*r - 43 = -2*z. What is the remainder when 13 is divided by z?
6
Calculate the remainder when 14 is divided by 12*1 + (-20)/5.
6
Let l(d) = 2*d**2 + 7*d + 3. Let g be l(-5). Let v = 0 - -3. Suppose -h = -v*h + g. Calculate the remainder when 26 is divided by h.
8
Calculate the remainder when 66 + (-3)/(-3 - -6) is divided by 22.
21
Let d(m) = -m**3 + 9*m**2 + 3*m - 4. Calculate the remainder when d(9) is divided by 6.
5
Let q(g) = 28*g. Let z be q(2). Suppose 4*m = m + 3*h + 132, m - z = -3*h. What is the remainder when m is divided by ((-1)/(3/16))/((-4)/12)?
15
Let m = 7 + -3. Let a(k) = k**2 + 6*k - 1. Let z be a(-7). Calculate the remainder when (-2)/(-6) - (-28)/z is divided by m.
1
Suppose -3*x + 5*i + 80 = 2*x, -5*x - 3*i = -40. Let c = x + -7. What is the remainder when 6 is divided by c?
2
Let h(w) = 17*w + 1. Let y be h(3). Suppose -m + y = m. What is the remainder when m is divided by 9?
8
Let j(k) = 4*k**2 - k**2 + 39 - 4*k**2. Let c be j(0). Suppose 14 + c = 3*p + v, -5*v = -p + 23. What is the remainder when p is divided by 10?
8
Let h(f) = -f + 18. Calculate the remainder when 43 is divided by h(7).
10
Let q(c) = 21*c**2 - 2*c + 1. What is the remainder when q(1) is divided by (28/(-6))/((-4)/6)?
6
Suppose -1 - 25 = -r. Suppose 2*t - 4*l - 10 = 0, 0 = -t - l + 8 - 0. What is the remainder when r is divided by t?
5
Suppose -104 = 2*w - 4*c, 0*w - 44 = w - 4*c. Let q = 85 + w. What is the remainder when 73 is divided by q?
23
Let g be (6/18)/((-2)/6). Let k = g - -4. Calculate the remainder when (11/3)/1*k is divided by 6.
5
Let x(n) = -n**3 - 5*n**2 - n - 3. Let j be 10/(-6) - 12/(-18). Let c = -6 - j. What is the remainder when 3 is divided by x(c)?
1
Let f = -65 - -85. What is the remainder when 99 is divided by f?
19
Suppose 4*f - 20 = 0, 0 = 2*y - 3*f - 20 - 17. Let v = 111 + -97. What is the remainder when y is divided by v?
12
What is the remainder when ((-36)/14)/((-30)/280) is divided by 13?
11
Let q(c) = -c + 6. Calculate the remainder when 36 is divided by q(-2).
4
Suppose d = 8 + 14. Suppose 0 = -4*v - d - 2. Let h = v - -68. Calculate the remainder when h is divided by 21.
20
Let j = -7 + 16. What is the remainder when 23 is divided by j?
5
Let r(b) = -b**2 + 5*b + 4. Let v = -2 - 1. Let o(a) = -4*a - 3. Let x(w) = v*o(w) - 2*r(w). What is the remainder when 38 is divided by x(-3)?
12
Let h(u) = 5*u**2 + u + 1. Let k be h(-1). Let x(v) = -v + 17. What is the remainder when 59 is divided by x(k)?
11
Let h(x) = x**3 + x**2 + 3. Let k be -4*(-3)/6 + 1. Let t be h(k). Let r = t + -28. What is the remainder when r is divided by 4?
3
Let v be ((-1)/(-3))/(1/9). Suppose 2 = -v*d + 11. Calculate the remainder when ((-18)/15)/(d/(-30)) is divided by 5.
2
Suppose -2*o - k - 16 = 3*k, 14 = -3*o - 4*k. Suppose o*b - 5*t - 12 = -t, b - 6 = -3*t. Calculate the remainder when 22 is divided by b.
4
Let b = -210 + 300. What is the remainder when b is divided by 31?
28
Suppose -m + 6*m - 15 = 0. Suppose 20 = -5*p - 5*x, 4*x + 20 = -m*p - x. Let h = 10 + p. Calculate the remainder when 29 is divided by h.
9
Suppose -4*o + y + 11 = 0, 3*o - 18 = o - 2*y. Suppose 0*l + 2*w = -2*l + 14, -5*w = o*l - 24. What is the remainder when 20 is divided by l?
9
Let v be -5*(1 - 0)*-2. Let b = v - 7. Suppose 0*i = b*i - 42. What is the remainder when 26 is divided by i?
12
Suppose 4*f - j = 11, 3*f - 4*f = -5*j + 2. Suppose 5*k - 22 - f = 0. Suppose -k*o + 7 = -58. Calculate the remainder when 38 is divided by o.
12
Let s(d) = -d**3 + 8*d**2 - 6*d - 9. Let t be s(7). Suppose -j - r = -1 - 4, 2*r = -j + 6. What is the remainder when 1 + (t - -1 - -11) is divided by j?
3
Let t(f) = -f + 20. What is the remainder when 10 is divided by t(14)?
4
Suppose 4*m + 6 + 14 = 0. Let f = -22 + 35. What is the remainder when 210/9 - m/(-15) is divided by f?
10
Let h = 31 - 52. Let x = -12 - h. Calculate the remainder when 1 - (-74 + -1)/3 is divided by x.
8
Suppose 3*j = -2*g + 7*j + 104, 3*g = 2*j + 136. Calculate the remainder when g is divided by 16.
10
Let m = 72 + -50. Calculate the remainder when 42 is divided by m.
20
Suppose 2*l - 5*i = -2*i + 17, 5*i + 20 = -5*l. What is the remainder when 1 is divided by l?
0
Let w = 116 - 29. Suppose -12 - 88 = -5*p + 2*t, 4*p - 3*t = 73. What is the remainder when w is divided by p?
21
Let s = -12 - -17. Suppose -2*z - 3*u + 76 = 0, -s*u + 31 = z - 0*u. Calculate the remainder when z is divided by 22.
19
Let g(w) = -44*w**3 + 2*w**2 - 1. Let c be g(-1). Let k = -22 + c. Suppose 27 = 5*n - k. What is the remainder when 18 is divided by n?
8
Suppose 4*c = 2*k + 252, -122 = -0*c - 2*c + 2*k. Suppose 0*b = 2*b - 44. Calculate the remainder when c is divided by b.
21
Suppose -7*q - 370 = -2*q. Calculate the remainder when q/(-6) - (-2)/(-6) is divided by 7.
5
Let t(q) = -9*q + 4. Calculate the remainder when t(-2) is divided by 164/14 + 2/7.
10
Let w be (-1*1)/((-5)/45). Suppose -w = -3*q + 54. Calculate the remainder when q is divided by 3/(-1)*22/(-6).
10
Let h be (0 - 0)/4 + 4. Suppose h*n - 3*n = 2. What is the remainder when n is divided by 1?
0
Suppose -r + 56 = 3*r. Let i(c) = 2 + 6*c - 1 - 5. What is the remainder when i(5) is divided by r?
12
Suppose k = -5*y + 120, 3*y - y + 4*k - 30 = 0. Calculate the remainder when y is divided by 13.
12
Suppose -i = i - 22. Suppose -3*r + u + 3*u + 44 = 0, 5*u = -5*r + 120. What is the remainder when r is divided by i?
9
Suppose 5*l - 210 = -3*v + 7*v, -5*l = -3*v - 215. Suppose -w + 3*w - l = 0. Calculate the remainder when w is divided by 8.
7
Let s = 31 - 3. Calculate the remainder when s is divided by 15.
13
Suppose 0 = -5*s - 5*l + 220, 4*s - 77 = -2*l + 89. Calculate the remainder when 115 is divided by s.
37
Suppose -w - 2*w + 36 = 0. Suppose 5*s + w - 72 = 0. 